culate the highest common divisor of 43 and 4419325.
43
Calculate the highest common divisor of 31 and 220782.
31
What is the greatest common divisor of 6449387 and 329?
329
What is the greatest common factor of 168 and 47784?
24
What is the greatest common factor of 5976 and 7138?
166
What is the greatest common factor of 342 and 900?
18
Calculate the highest common factor of 1136 and 15152.
16
What is the greatest common factor of 40113 and 9?
9
Calculate the greatest common divisor of 190 and 118780.
10
What is the greatest common factor of 684 and 1899?
9
What is the highest common factor of 8843 and 37?
37
What is the greatest common factor of 8 and 21512?
8
Calculate the greatest common factor of 50 and 170610.
10
Calculate the greatest common divisor of 262421 and 29.
29
What is the highest common factor of 2465 and 54485?
85
What is the highest common divisor of 222 and 2881523?
37
Calculate the highest common divisor of 109072 and 272.
272
What is the highest common factor of 2688 and 52800?
192
Calculate the greatest common divisor of 1377 and 89910.
81
Calculate the highest common factor of 67 and 1436949.
67
Calculate the highest common factor of 5019 and 12428.
239
What is the greatest common divisor of 76291 and 1070?
107
What is the highest common factor of 149294 and 136?
34
What is the greatest common divisor of 1364 and 274846?
682
Calculate the greatest common divisor of 1261 and 489559.
97
Calculate the greatest common divisor of 19764 and 3618.
54
Calculate the greatest common factor of 5138937 and 54.
27
What is the greatest common factor of 308 and 364210?
154
What is the greatest common factor of 25 and 1525225?
25
Calculate the greatest common divisor of 72 and 278088.
24
What is the greatest common divisor of 117 and 17168931?
117
Calculate the highest common factor of 7436 and 152152.
572
What is the greatest common divisor of 47156 and 16?
4
Calculate the greatest common divisor of 1664 and 9932.
52
Calculate the highest common factor of 3670 and 255.
5
Calculate the greatest common factor of 24 and 50172.
12
What is the greatest common factor of 1086672 and 48?
48
Calculate the highest common factor of 9994 and 73903.
263
Calculate the greatest common factor of 9594 and 11973.
39
Calculate the greatest common factor of 97845 and 990.
165
Calculate the greatest common factor of 1498485 and 566.
283
What is the highest common divisor of 6612 and 300?
12
What is the highest common divisor of 130 and 2049650?
10
What is the highest common divisor of 711 and 43?
1
What is the greatest common factor of 815245 and 206?
103
Calculate the greatest common factor of 7336 and 12376.
56
Calculate the greatest common divisor of 4873 and 6523.
11
What is the greatest common divisor of 22113 and 162?
81
Calculate the greatest common factor of 154 and 102158.
14
Calculate the greatest common factor of 315659 and 205.
41
What is the greatest common factor of 450 and 200?
50
Calculate the highest common factor of 310615 and 333.
37
What is the highest common divisor of 1215 and 333720?
405
What is the greatest common factor of 129262 and 196?
98
Calculate the highest common factor of 500 and 5468.
4
What is the greatest common divisor of 1265 and 708170?
115
Calculate the highest common factor of 8400 and 345360.
240
What is the highest common divisor of 3717 and 20727?
63
What is the greatest common divisor of 42987 and 2136?
267
What is the highest common divisor of 83412 and 900?
36
What is the greatest common factor of 913 and 1177?
11
What is the greatest common factor of 494398 and 716?
358
Calculate the greatest common divisor of 170400 and 2000.
400
Calculate the highest common factor of 1 and 57413.
1
Calculate the greatest common divisor of 21 and 291963.
21
Calculate the greatest common divisor of 382353 and 4893.
699
Calculate the greatest common factor of 1638151 and 1138.
569
What is the highest common factor of 18150 and 6776?
242
Calculate the greatest common factor of 33 and 4198953.
33
Calculate the highest common divisor of 10822 and 28.
14
Calculate the greatest common divisor of 19903 and 1541717.
1531
Calculate the highest common factor of 422 and 2870866.
422
What is the highest common factor of 1430 and 52624?
286
Calculate the highest common factor of 33350 and 22475.
725
Calculate the greatest common divisor of 82317 and 138.
69
What is the greatest common factor of 170 and 121805?
85
What is the highest common divisor of 1945077 and 603?
201
Calculate the highest common factor of 3580 and 580.
20
What is the greatest common divisor of 142 and 6653765?
71
What is the greatest common factor of 574 and 77098?
14
Calculate the highest common factor of 560 and 19670.
70
What is the highest common factor of 84378 and 328?
82
Calculate the greatest common divisor of 124440 and 192.
24
What is the highest common factor of 12012 and 10556?
364
What is the greatest common factor of 29943 and 154151?
1109
Calculate the greatest common divisor of 23 and 39629.
23
Calculate the highest common divisor of 40741 and 4323.
131
What is the greatest common factor of 68 and 4162?
2
Calculate the highest common divisor of 71 and 59711.
71
Calculate the highest common factor of 644 and 9039.
23
Calculate the highest common factor of 960 and 1240128.
192
What is the greatest common factor of 666320 and 400?
80
Calculate the highest common factor of 23920 and 845.
65
What is the highest common divisor of 84 and 390404?
28
What is the highest common factor of 93597 and 336?
21
Calculate the greatest common factor of 1942290 and 2520.
630
What is the greatest common divisor of 25 and 8075?
25
What is the highest common factor of 1570 and 216032?
314
Calculate the greatest common factor of 3883 and 16181.
11
Calculate the greatest common divisor of 11512 and 32.
8
Calculate the highest common divisor of 462336 and 1680.
336
Calculate the greatest common factor of 34446 and 24.
6
Calculate the greatest common factor of 8412 and 12.
12
Calculate the highest common factor of 17 and 2737510.
17
What is the highest common divisor of 79926 and 5544?
462
What is the greatest common divisor of 1568432 and 976?
976
What is the greatest common factor of 337 and 6372333?
337
What is the greatest common factor of 5644 and 128?
4
What is the greatest common factor of 28 and 67053?
7
What is the highest common factor of 12444 and 758047?
1037
What is the greatest common factor of 68172 and 1404?
156
Calculate the greatest common divisor of 1636 and 5317.
409
Calculate the highest common factor of 2457958 and 1270.
254
What is the greatest common factor of 49839 and 251889?
1347
What is the highest common factor of 74568 and 312?
312
What is the greatest common divisor of 39948 and 132?
12
What is the highest common divisor of 612438 and 618?
618
Calculate the greatest common divisor of 205039 and 7201.
379
Calculate the highest common factor of 39 and 654862.
13
What is the greatest common divisor of 20 and 696995?
5
Calculate the highest common factor of 2070 and 26610.
30
What is the highest common divisor of 53656 and 2471?
353
What is the greatest common divisor of 52871 and 196?
49
Calculate the highest common factor of 392 and 1701.
7
Calculate the greatest common divisor of 40 and 648810.
10
Calculate the greatest common divisor of 61312 and 1280.
128
Calculate the highest common factor of 103385 and 435.
145
What is the highest common divisor of 450168 and 72?
24
What is the highest common factor of 598 and 13846?
46
What is the greatest common divisor of 4860 and 20?
20
What is the highest common factor of 1612 and 12?
4
Calculate the highest common divisor of 30 and 903150.
30
Calculate the highest common divisor of 3950 and 12798.
158
What is the highest common factor of 109599 and 2499?
357
Calculate the highest common divisor of 27 and 58941.
27
Calculate the highest common factor of 130 and 11010.
10
What is the greatest common factor of 340459 and 68?
17
What is the highest common divisor of 868 and 238?
14
What is the highest common factor of 1935 and 5235?
15
What is the greatest common factor of 30 and 185170?
10
Calculate the highest common divisor of 2349 and 143579.
29
Calculate the highest common factor of 173147 and 140